{"id":30,"date":"2019-02-20T15:30:30","date_gmt":"2019-02-20T15:30:30","guid":{"rendered":"http:\/\/mehr-personal-fuer-unsere-krankenhaeuser.de\/?page_id=30"},"modified":"2019-03-05T21:39:12","modified_gmt":"2019-03-05T21:39:12","slug":"impressum","status":"publish","type":"page","link":"https:\/\/mehr-personal-fuer-unsere-krankenhaeuser.de\/?page_id=30","title":{"rendered":"Impressum und Datenschutz"},"content":{"rendered":"<p><img loading=\"lazy\" class=\"alignnone size-full wp-image-17\" src=\"http:\/\/mehr-personal-fuer-unsere-krankenhaeuser.de\/wp-content\/uploads\/2019\/02\/9ZTzDODE_LGjI34yBcU-MW-lygo66IAvdvCYuUw-BjiYGvnEj1OacTAl9pzkmyQoNX-wTAs85-1.jpg\" alt=\"\" width=\"85\" height=\"85\" \/><img loading=\"lazy\" class=\"alignnone size-full wp-image-11\" src=\"http:\/\/mehr-personal-fuer-unsere-krankenhaeuser.de\/wp-content\/uploads\/2019\/02\/nlUEGV4golaTZeIY46k0m_iFSbiz4evgwLgDVEpBMGb4aUwcwtstLXEovvY6ND8Zkgv-g0ks87.jpg\" alt=\"\" width=\"87\" height=\"85\" \/><img loading=\"lazy\" class=\"alignnone size-full wp-image-100\" src=\"http:\/\/mehr-personal-fuer-unsere-krankenhaeuser.de\/wp-content\/uploads\/2019\/02\/logo_3006_97748016-e1551361532465.jpg\" alt=\"\" width=\"56\" height=\"56\" \/><img loading=\"lazy\" class=\"alignnone size-full wp-image-10\" src=\"http:\/\/mehr-personal-fuer-unsere-krankenhaeuser.de\/wp-content\/uploads\/2019\/02\/PTfzG83Qveiq4neWF1zHdcM2mxO1KjskTCCTJrdxdIiWqkYYi26UW-sqTkwL75ojjfo6UdUs85.png\" alt=\"\" width=\"85\" height=\"85\" \/><img loading=\"lazy\" class=\"alignnone size-full wp-image-68\" src=\"http:\/\/mehr-personal-fuer-unsere-krankenhaeuser.de\/wp-content\/uploads\/2019\/02\/lhAIgJKL2Exo6JiLypbijClLar_y6Wk2QZ9McKaA46OdnPxHS78KA9OlfOutxOeyCbSAUTgs170.jpg\" alt=\"\" width=\"170\" height=\"58\" \/><img loading=\"lazy\" class=\"alignnone size-full wp-image-8\" src=\"http:\/\/mehr-personal-fuer-unsere-krankenhaeuser.de\/wp-content\/uploads\/2019\/02\/logo_theaterhaus.gif\" alt=\"\" width=\"126\" height=\"90\" \/><img loading=\"lazy\" class=\"alignnone  wp-image-89\" src=\"http:\/\/mehr-personal-fuer-unsere-krankenhaeuser.de\/wp-content\/uploads\/2019\/02\/Ippnw-logotext.jpg\" alt=\"\" width=\"112\" height=\"112\" srcset=\"https:\/\/mehr-personal-fuer-unsere-krankenhaeuser.de\/wp-content\/uploads\/2019\/02\/Ippnw-logotext.jpg 198w, https:\/\/mehr-personal-fuer-unsere-krankenhaeuser.de\/wp-content\/uploads\/2019\/02\/Ippnw-logotext-150x150.jpg 150w, https:\/\/mehr-personal-fuer-unsere-krankenhaeuser.de\/wp-content\/uploads\/2019\/02\/Ippnw-logotext-100x100.jpg 100w\" sizes=\"(max-width: 112px) 100vw, 112px\" \/><\/p>\r\n\r\n<p>&nbsp;<\/p>\r\n\r\n\r\n\r\n<p>B\u00fcndnis &#8222;Mehr Personal f\u00fcr unsere Krankenh\u00e4user&#8220;, Monika M\u00fcnch-Steinbuch und Guido Lorenz (Sprecherteam)<\/p>\r\n\r\n\r\n\r\n<p>c\/o Ver.di Stuttgart, Willi-Bleicher-Strasse 20, Tel. 07111664000,<\/p>\r\n\r\n\r\n\r\n<p>info@mehr-personal-fuer-unsere-krankenhaeuser.de<\/p>\r\n","protected":false},"excerpt":{"rendered":"<p>&nbsp; B\u00fcndnis &#8222;Mehr Personal f\u00fcr unsere Krankenh\u00e4user&#8220;, Monika M\u00fcnch-Steinbuch und Guido Lorenz (Sprecherteam) c\/o Ver.di Stuttgart, Willi-Bleicher-Strasse 20, Tel. 07111664000, info@mehr-personal-fuer-unsere-krankenhaeuser.de<\/p>\n","protected":false},"author":1,"featured_media":0,"parent":0,"menu_order":0,"comment_status":"closed","ping_status":"closed","template":"","meta":[],"_links":{"self":[{"href":"https:\/\/mehr-personal-fuer-unsere-krankenhaeuser.de\/index.php?rest_route=\/wp\/v2\/pages\/30"}],"collection":[{"href":"https:\/\/mehr-personal-fuer-unsere-krankenhaeuser.de\/index.php?rest_route=\/wp\/v2\/pages"}],"about":[{"href":"https:\/\/mehr-personal-fuer-unsere-krankenhaeuser.de\/index.php?rest_route=\/wp\/v2\/types\/page"}],"author":[{"embeddable":true,"href":"https:\/\/mehr-personal-fuer-unsere-krankenhaeuser.de\/index.php?rest_route=\/wp\/v2\/users\/1"}],"replies":[{"embeddable":true,"href":"https:\/\/mehr-personal-fuer-unsere-krankenhaeuser.de\/index.php?rest_route=%2Fwp%2Fv2%2Fcomments&post=30"}],"version-history":[{"count":10,"href":"https:\/\/mehr-personal-fuer-unsere-krankenhaeuser.de\/index.php?rest_route=\/wp\/v2\/pages\/30\/revisions"}],"predecessor-version":[{"id":124,"href":"https:\/\/mehr-personal-fuer-unsere-krankenhaeuser.de\/index.php?rest_route=\/wp\/v2\/pages\/30\/revisions\/124"}],"wp:attachment":[{"href":"https:\/\/mehr-personal-fuer-unsere-krankenhaeuser.de\/index.php?rest_route=%2Fwp%2Fv2%2Fmedia&parent=30"}],"curies":[{"name":"wp","href":"https:\/\/api.w.org\/{rel}","templated":true}]}}